= 5*k - 1443. What are the prime factors of k?
2, 101
Let t(d) = -127*d - 56. Suppose 5*f + 3*m + 25 = 0, 8 = 5*m - 17. What are the prime factors of t(f)?
2, 3, 5
Let y(u) = 15*u**2 - 904*u + 136. What are the prime factors of y(91)?
3, 14029
Let m = -220 + 147. Let q = m - -77. Suppose -2*j + 3*x - 2*x + 209 = 0, 427 = q*j + x. List the prime factors of j.
2, 53
Let x be (2/(-2) + 6)/1. Let c be (-2060)/8*(-60)/75. Suppose -x*i + c = -59. List the prime factors of i.
53
Let t(o) = 9*o**2 + 3*o + 11894. What are the prime factors of t(0)?
2, 19, 313
Let g = 50255 - -1952. What are the prime factors of g?
17, 37, 83
Suppose -4*n - 52 = 9*n. What are the prime factors of (-57*n/(-10))/((-15)/250)?
2, 5, 19
Suppose 0 = -3*l - 2*h + 25, -4*l - h = -0*l - 35. List the prime factors of (-3)/9*l - (1 - 1936).
2, 3, 7, 23
Suppose 13*j = -0 - 0. Suppose j = -4*b + 1016 + 676. List the prime factors of b.
3, 47
Let x be -1 + 505 + -2 + 1. Let v(q) = q**2 - 15*q + 95. Let b be v(0). Suppose -b = 4*t - x. List the prime factors of t.
2, 3, 17
Let i = 180 - 168. What are the prime factors of -3 + i/(-4) + 113*2?
2, 5, 11
Suppose -4*p - 6*r + 34 = -5*r, 5*r = -p + 18. Suppose 3*n - 314 = -s, -p*n - s - 304 = -11*n. List the prime factors of n.
103
Suppose -2*z + w + 9 = 0, z + 5*w - 6 = -29. Let m = z - -41. Let u = 82 - m. What are the prime factors of u?
3, 13
Let r = 41825 - 11611. List the prime factors of r.
2, 15107
Suppose 34*s = 7106 + 54502. Let m = s - 1032. List the prime factors of m.
2, 3, 5, 13
Let t = 680 - 676. Suppose 0 = 2*k - 8, -9*k + 6*k + 2480 = t*n. List the prime factors of n.
617
Let x be (134 + -3 - 5)*12/14. Let y = x - -16. What are the prime factors of y?
2, 31
Let n = -2601 - -5451. List the prime factors of ((-8)/6)/(6 - 17105/n).
2, 5, 19
Let l = 470 + 305. Let k = l + 244. List the prime factors of k.
1019
Let g = 25 - 27. Let h be (-168 - (-6)/g) + 0/(-2). Let z = 264 + h. List the prime factors of z.
3, 31
Let k(o) = 4*o + 20. Let h be k(-4). Suppose -3*q + 0 = h*y + 4, 0 = -3*q + 5*y + 5. List the prime factors of ((-3 - -6) + q)*31.
3, 31
Let w be (-130 - 0)/((-5)/((-5)/(-2))). What are the prime factors of (w/26)/(4/568)?
5, 71
Let k = -170 + 140. Let x(m) = -3*m**2 - 99*m + 17. What are the prime factors of x(k)?
7, 41
Let j(q) = -q**3 - 9*q**2 + 9*q - 8. Let a be j(-10). Suppose a*s - 6 = -4. List the prime factors of (15 - 16) + 86 + s.
2, 43
Let g(j) be the second derivative of 29*j**3/3 + 111*j**2/2 - 7*j - 7. List the prime factors of g(7).
11, 47
Let q(d) be the second derivative of -5*d**3/3 + 255*d**2/2 - 267*d. List the prime factors of q(-6).
3, 5, 7
Suppose 2*c - 11012 = -4*a + 1538, 3*a - 9402 = 2*c. List the prime factors of a.
2, 7
List the prime factors of 12*1/(-2) - (-10)/20*44780.
2, 1399
Let l = 79 + -75. Suppose -5*d + 3*p = 3, 5*d = l*p - 3 - 1. Suppose 5*q + 0*q - 665 = d. What are the prime factors of q?
7, 19
Suppose 54*b = -12*b + 254694. List the prime factors of b.
17, 227
Suppose -1581 = w + 2*w. Let h = -255 - w. List the prime factors of h.
2, 17
Suppose 0*z + 4*z = 5*d + 6891, 1719 = z - 5*d. What are the prime factors of z?
2, 431
Suppose 3*v - 15524 = 4*o, -o - 25879 = 44*v - 49*v. List the prime factors of v.
2, 647
Suppose 17 + 7 = 6*k. Suppose 4*a - k*y + 22 = 6, -3*a + y = 8. What are the prime factors of (1 - -199) + -2*(0 + a)?
2, 3, 17
Suppose v - 21688 = -5*u, 0 = 3*u - 0*u + 4*v - 13006. What are the prime factors of u?
2, 3, 241
Suppose -5*i + 61 = 21. Let r(b) = -b**3 + 7*b**2 + 9*b - 3. Let s be r(i). Suppose s*c + 33 = 8*c. What are the prime factors of c?
11
Let x(z) = 159*z - 5. Let k be x(-5). Let b = 1193 + k. Suppose -1217 + b = -8*w. List the prime factors of w.
103
Let k = 45401 + 22083. What are the prime factors of k?
2, 16871
Let w be ((-1)/(8/66))/((-147)/13328). Suppose -6*b - 88 + w = 0. List the prime factors of b.
2, 5, 11
Let y(c) = -c**2 - 5*c + 29. Let w be y(-8). List the prime factors of ((-6)/(-4))/(w*5/450).
3
Let p(w) = -6*w**3 - 2*w**2 - 9*w - 2. Let q be p(4). Let n = -303 - q. List the prime factors of n.
151
Let h = 47 - 42. Suppose -h*u - 8 = 17. What are the prime factors of 2/(-20)*-4 - 218/u?
2, 11
Suppose 3*k - 80 + 74 = 0. Suppose -k*l + 199 = -621. List the prime factors of l.
2, 5, 41
What are the prime factors of 9/180 + 616859/20?
3, 23, 149
Let h(f) = -8 - 67*f + 34 + 75*f. Suppose -5*b - 97 + 247 = 0. List the prime factors of h(b).
2, 7, 19
Suppose 3*q + 86 = 83. Let n be 2 + (-1)/q*(3 + -3). List the prime factors of (n/(-6))/((-21)/3906).
2, 31
Suppose -4*w - w = -k - 61, 2*k - 3*w = -157. Let m = k + 159. Suppose -2*g + 3*q = -m, -2*g - 3*q = g - 147. What are the prime factors of g?
2, 11
Let s = -6 - -9. Suppose s*q - 48 - 39 = 0. Suppose 3*c = b - q, -3*b = -6*b + 3*c + 69. List the prime factors of b.
2, 5
Let v be -18 + -2 + 0 + 33 + -29. What are the prime factors of (-12)/v - (-82950)/56?
2, 3, 13, 19
Let u be -2 + -4 + (9 - 19). Let x = 139 + u. What are the prime factors of x?
3, 41
List the prime factors of -1*(1/2)/(15/(-27010))*54.
2, 3, 37, 73
Suppose k - 12*k + 0*k = 0. Let c(m) = -m + 3. Let x be c(k). Suppose 85 = h - f, -x*h - f = 4*f - 271. List the prime factors of h.
3, 29
Suppose -5*u + 2228 = n, 7735 = 4*n - u - 1198. List the prime factors of (n/21 + 1)*3.
2, 7, 23
Let j(c) = -110*c**3 + 4*c**2 + 18*c - 3. List the prime factors of j(-4).
3, 11, 71
Suppose 150*g = -80498 + 2868098. List the prime factors of g.
2, 23, 101
Let u be (2 + (-2)/((-32)/52))*4. List the prime factors of 220176/168 + 9/u.
3, 19, 23
Suppose -4*w + 3*q = -22918, 0 = 4*w + 3*q - 7820 - 15110. List the prime factors of w.
11, 521
Let f = -412 - -233. Let h = 277 + f. List the prime factors of h.
2, 7
Let x be -4 + 8 + 29/1. Suppose 28*g + 1400 = x*g. What are the prime factors of g?
2, 5, 7
Let i(r) = 201*r**2 + 38*r + 165. List the prime factors of i(16).
29, 1801
Let q = -2032 - -7245. List the prime factors of q.
13, 401
Suppose -3*b = -0*b. Let n(r) = r**3 + 4. Let o be n(b). Suppose o*w + 37 = 117. List the prime factors of w.
2, 5
Let r(p) = -89*p**3 + 3*p**2 + 9*p + 7. Let a be r(-3). Suppose -a + 330 = -5*j + q, -j = 2*q - 405. List the prime factors of j.
5, 83
List the prime factors of 68138/8 - (-7)/(-28) - 7.
2, 5, 23, 37
Let c(f) = -502*f**3 - 59*f**2 - 113*f - 3. List the prime factors of c(-2).
4003
Let r(l) = l**3 - 5*l**2 + 6*l + 1. Let f be r(5). Let p(q) = q**2 + 25*q - 281. Let h be p(-33). Let w = f + h. What are the prime factors of w?
2, 7
Suppose 20661 = i + 3*n, -115*i - 20669 = -116*i + n. What are the prime factors of i?
3, 83
Let n(u) = u**2 + 5*u - 6. Let k be n(-6). Suppose 5442 = 6*f - 2*f + 5*b, k = 5*f - b - 6817. What are the prime factors of f?
29, 47
Suppose z = -5*d + 47680, 5*d - 16904 = -5*z + 30776. List the prime factors of d.
2, 149
Let c = -157 + 171. Suppose 12*f + 2406 = c*f. What are the prime factors of f?
3, 401
Suppose -117826 = -41*g - 157*g + 1655858. List the prime factors of g.
2, 3, 1493
List the prime factors of (10482/4)/(6/(-12) - 4/(-5)).
5, 1747
Suppose 10*l + 794 = -286. Suppose 6*x - 570 = 3*x. Let r = l + x. List the prime factors of r.
2, 41
Let t be (-228)/798 - (-2)/14*1157. Suppose 0 = -g + 33 + t. What are the prime factors of g?
2, 3, 11
Let l(k) = -33*k**2 + 28*k + 19*k + k**3 - 34 + 0*k**2 + 2*k**3. List the prime factors of l(12).
2, 13, 37
What are the prime factors of (27234/108)/(4/48)?
2, 17, 89
Let b = 74 + -128. Let o be 228/133*(-532)/8. Let y = b - o. What are the prime factors of y?
2, 3, 5
Suppose -3*g + 4*m - 111 = 0, 0 = 4*m + 13 - 1. Let y = -35 - g. Suppose -y*s + 445 = -s. List the prime factors of s.
89
Let u = 56705 + -28504. What are the prime factors of u?
28201
Let b(i) = -i**3 + 13*i**2 + 56*i - 8. Let s be b(16). Let o = s + 21. What are the prime factors of o?
3, 47
Suppose 62111 = -0*x + 7*x. List the prime factors of x.
19, 467
Suppose 4*j = 2*q + 1922, -3*q - 142 + 1588 = 3*j. Suppose -i - 8 = -5*i, -5*x - j = -3*i. Let l = 165 + x. What are the prime factors of l?
2, 5, 7
Suppose -j - 8 = 0, -9*j = -2*f - 7*j + 5404. List the prime factors of f.
2, 3, 449
Let a(f) = -f - 76. Let t be a(-16). What are the prime factors of (-16 - t)*(-69